{"id":15,"date":"2024-03-12T09:35:30","date_gmt":"2024-03-12T08:35:30","guid":{"rendered":"https:\/\/www.janisch-insektenschutz.de\/aufbau\/wordpress\/wordpress\/?page_id=15"},"modified":"2024-03-25T07:31:43","modified_gmt":"2024-03-25T06:31:43","slug":"transpatec","status":"publish","type":"page","link":"https:\/\/www.janisch-insektenschutz.de\/index.php\/transpatec\/","title":{"rendered":"Transpatec\u00ae"},"content":{"rendered":"\t\t<div data-elementor-type=\"wp-page\" data-elementor-id=\"15\" class=\"elementor elementor-15\">\n\t\t\t\t<div class=\"elementor-element elementor-element-7482134 e-flex e-con-boxed e-con e-parent\" data-id=\"7482134\" data-element_type=\"container\" data-e-type=\"container\">\n\t\t\t\t\t<div class=\"e-con-inner\">\n\t\t\t\t<div class=\"elementor-element elementor-element-08856b1 elementor-widget elementor-widget-heading\" data-id=\"08856b1\" data-element_type=\"widget\" data-e-type=\"widget\" data-widget_type=\"heading.default\">\n\t\t\t\t<div class=\"elementor-widget-container\">\n\t\t\t\t\t<h3 class=\"elementor-heading-title elementor-size-default\">Transpatec\u00ae <br>Der fast unsichtbare Insektenschutz-Gitter.\n\n<\/h3>\t\t\t\t<\/div>\n\t\t\t\t<\/div>\n\t\t\t\t<div class=\"elementor-element elementor-element-3b473a8 elementor-widget__width-initial elementor-widget elementor-widget-text-editor\" data-id=\"3b473a8\" data-element_type=\"widget\" data-e-type=\"widget\" data-widget_type=\"text-editor.default\">\n\t\t\t\t<div class=\"elementor-widget-container\">\n\t\t\t\t\t\t\t\t\t<p>Insektenschutzgitter mit Neher Transpatec\u00ae Insektenschutzgewebe setzen neue Ma\u00dfst\u00e4be im Vergleich zu konventionellen Geweben: Mehr Transparenz und Lichtdurchl\u00e4ssigkeit, eine wesentlich bessere Luftdurchl\u00e4ssigkeit sowie eine hohe Rei\u00df-<br \/>und Durchsto\u00dffestigkeit machen Transpatec\u00ae zum absoluten Highlight im Neher Produktprogramm.<\/p>\t\t\t\t\t\t\t\t<\/div>\n\t\t\t\t<\/div>\n\t\t\t\t<div class=\"elementor-element elementor-element-f548078 elementor-widget elementor-widget-text-editor\" data-id=\"f548078\" data-element_type=\"widget\" data-e-type=\"widget\" data-widget_type=\"text-editor.default\">\n\t\t\t\t<div class=\"elementor-widget-container\">\n\t\t\t\t\t\t\t\t\t<p><span class=\"H1\"><strong>Der Clou:<\/strong><br \/><\/span>Transpatec\u00ae Insektenschutzgitter sind nahezu unsichtbar und erhalten dadurch die Optik Ihrer Fenster und T\u00fcren &#8211;<br \/>von innen wie von au\u00dfen. Neher Transpatec\u00ae Insektenschutzgewebe im \u00dcberblick:<\/p><p><span class=\"fliestext\"><strong>Transpatec\u00ae Insektenschutzgewebe im \u00dcberblick:<\/strong><\/span><\/p><table border=\"0\" width=\"99%\" cellspacing=\"5\" cellpadding=\"0\"><tbody><tr><td align=\"center\" valign=\"middle\" width=\"5%\">\u00a0<\/td><td class=\"fliestext\" width=\"95%\">Brillante Durchsicht von innen und au\u00dfen durch superfeinen, patentierten Hightech-Faden (\u00d8 0,13 mm) und innovative Webtechnik<\/td><\/tr><tr><td align=\"center\" valign=\"middle\">\u00a0<\/td><td class=\"fliestext\">Optimaler Insektenschutz durch kleinere Maschen\u00f6ffnungen als bei Standardgewebe<\/td><\/tr><tr><td align=\"center\" valign=\"middle\">\u00a0<\/td><td class=\"fliestext\">H\u00f6herer Lichtdurchlass der Fliegengitter dank extrem d\u00fcnner F\u00e4den<\/td><\/tr><tr><td align=\"center\" valign=\"middle\">\u00a0<\/td><td class=\"fliestext\">Um 140% h\u00f6herer Luftdurchlass als bei herk\u00f6mmlichem Gewebe durch reduzierte Gewebefl\u00e4che und einzigartige Gewebestruktur mit minimalen Luftverwirbelungen<\/td><\/tr><tr><td align=\"center\" valign=\"middle\">\u00a0<\/td><td class=\"fliestext\">Hohe Witterungsbest\u00e4ndigkeit, Stabilit\u00e4t und Langlebigkeit durch Hightech-Faden und patentierte Webtechnik mit Bindefaden<\/td><\/tr><tr><td align=\"center\" valign=\"middle\">\u00a0<\/td><td class=\"fliestext\">E-Smog-Schutz auch bei ge\u00f6ffnetem Fenster<\/td><\/tr><tr><td align=\"center\" valign=\"middle\">\u00a0<\/td><td class=\"fliestext\">Transpatec eignet sich f\u00fcr alle Fliegengitter wie\u00a0Spannrahmen f\u00fcr Fenster,\u00a0Rollos,\u00a0Pendelt\u00fcren,\u00a0Drehrahmen f\u00fcr T\u00fcren\u00a0und\u00a0Fenster\u00a0sowie\u00a0Schiebeanlagen.\u00a0<\/td><\/tr><\/tbody><\/table>\t\t\t\t\t\t\t\t<\/div>\n\t\t\t\t<\/div>\n\t\t\t\t\t<\/div>\n\t\t\t\t<\/div>\n\t\t<div class=\"elementor-element elementor-element-bb967b9 e-flex e-con-boxed e-con e-parent\" data-id=\"bb967b9\" data-element_type=\"container\" data-e-type=\"container\">\n\t\t\t\t\t<div class=\"e-con-inner\">\n\t\t\t\t<div class=\"elementor-element elementor-element-dfa86e0 elementor-widget elementor-widget-text-editor\" data-id=\"dfa86e0\" data-element_type=\"widget\" data-e-type=\"widget\" data-widget_type=\"text-editor.default\">\n\t\t\t\t<div class=\"elementor-widget-container\">\n\t\t\t\t\t\t\t\t\t<p>Erfahren Sie mehr \u00fcber Transpatec\u00ae auf der\u00a0<a href=\"http:\/\/www.transpatec.de\/\">Transpatec-Website<\/a>.<\/p><p>Fragen Sie Ihren Neher-Fachh\u00e4ndler nach dem fast unsichtbaren Transpatec\u00ae Insektenschutzgewebe. <br \/>Er ber\u00e4t Sie gerne zur perfekten Insektenschutzl\u00f6sung f\u00fcr Ihren individuellen Bedarf. Diese Auszeichnungen haben wir f\u00fcr Transpatec\u00ae erhalten:<br \/>Transpatec\u00ae ist nicht nur praktisch und innovativ, sondern es erf\u00fcllt auch h\u00f6chste Anspr\u00fcche an modernes Wohnen. Und deshalb wurde es gleich mit mehreren, renommierten Preisen ausgezeichnet:\u00a0\u00a0<\/p><p><strong>Den Innovationspreis 2012 des Landes Baden-W\u00fcrttemberg,<\/strong><br \/><strong>Dr.-Rudolf-Eberle-Preis<\/strong><br \/><strong>Den Innovationspreis 2012 der R&amp;T, der Weltleitmesse f\u00fcr Rollladen, Tore und Sonnenschutz, in der Kategorie Technische Textilien&#8220;<\/strong><br \/><strong>Den red dot design award 2011\u00a0\u00a0<\/strong><br \/><strong>Den iFdesign award 2012<\/strong><\/p>\t\t\t\t\t\t\t\t<\/div>\n\t\t\t\t<\/div>\n\t\t\t\t<div class=\"elementor-element elementor-element-e6675d1 elementor-widget elementor-widget-image\" data-id=\"e6675d1\" data-element_type=\"widget\" data-e-type=\"widget\" data-widget_type=\"image.default\">\n\t\t\t\t<div class=\"elementor-widget-container\">\n\t\t\t\t\t\t\t\t\t\t\t\t\t\t\t<img fetchpriority=\"high\" decoding=\"async\" width=\"500\" height=\"407\" src=\"https:\/\/www.janisch-insektenschutz.de\/wp-content\/uploads\/2024\/03\/transpatecauszeichnung.jpg\" class=\"attachment-large size-large wp-image-806\" alt=\"\" srcset=\"https:\/\/www.janisch-insektenschutz.de\/wp-content\/uploads\/2024\/03\/transpatecauszeichnung.jpg 500w, https:\/\/www.janisch-insektenschutz.de\/wp-content\/uploads\/2024\/03\/transpatecauszeichnung-300x244.jpg 300w\" sizes=\"(max-width: 500px) 100vw, 500px\" \/>\t\t\t\t\t\t\t\t\t\t\t\t\t\t\t<\/div>\n\t\t\t\t<\/div>\n\t\t\t\t\t<\/div>\n\t\t\t\t<\/div>\n\t\t<div class=\"elementor-element elementor-element-cc37dd3 e-flex e-con-boxed e-con e-parent\" data-id=\"cc37dd3\" data-element_type=\"container\" data-e-type=\"container\">\n\t\t\t\t\t<div class=\"e-con-inner\">\n\t\t\t\t<div class=\"elementor-element elementor-element-d8c7253 elementor-widget elementor-widget-text-editor\" data-id=\"d8c7253\" data-element_type=\"widget\" data-e-type=\"widget\" data-widget_type=\"text-editor.default\">\n\t\t\t\t<div class=\"elementor-widget-container\">\n\t\t\t\t\t\t\t\t\t<p>Transpatec\u00ae und Polltec\u00ae sind gegen Aufpreis erh\u00e4ltlich.<\/p>\t\t\t\t\t\t\t\t<\/div>\n\t\t\t\t<\/div>\n\t\t\t\t\t<\/div>\n\t\t\t\t<\/div>\n\t\t<div class=\"elementor-element elementor-element-6ed61d6 e-flex e-con-boxed e-con e-parent\" data-id=\"6ed61d6\" data-element_type=\"container\" data-e-type=\"container\">\n\t\t\t\t\t<div class=\"e-con-inner\">\n\t\t\t\t\t<\/div>\n\t\t\t\t<\/div>\n\t\t\t\t<\/div>\n\t\t","protected":false},"excerpt":{"rendered":"<p>Transpatec\u00ae Der fast unsichtbare Insektenschutz-Gitter. Insektenschutzgitter mit Neher Transpatec\u00ae Insektenschutzgewebe setzen neue Ma\u00dfst\u00e4be im Vergleich zu konventionellen Geweben: Mehr Transparenz und Lichtdurchl\u00e4ssigkeit, eine wesentlich bessere Luftdurchl\u00e4ssigkeit sowie eine hohe Rei\u00df-und Durchsto\u00dffestigkeit machen Transpatec\u00ae zum absoluten Highlight im Neher Produktprogramm. Der Clou:Transpatec\u00ae Insektenschutzgitter sind nahezu unsichtbar und erhalten dadurch die Optik Ihrer Fenster und T\u00fcren &#8211;von&hellip; <br \/> <a class=\"read-more\" href=\"https:\/\/www.janisch-insektenschutz.de\/index.php\/transpatec\/\">Weiterlesen<\/a><\/p>\n","protected":false},"author":1,"featured_media":995,"parent":0,"menu_order":0,"comment_status":"closed","ping_status":"closed","template":"","meta":{"footnotes":""},"class_list":["post-15","page","type-page","status-publish","has-post-thumbnail","hentry"],"yoast_head":"<!-- This site is optimized with the Yoast SEO plugin v27.4 - https:\/\/yoast.com\/product\/yoast-seo-wordpress\/ -->\n<title>Janisch Insektenschutz Transpatec\u00ae<\/title>\n<meta name=\"description\" content=\"F\u00fcr alle umweltfreundlichen Insektenschutzfragen sowie Gegebenheiten biete ich Ihnen den perfekten Insektenschutz nach Ma\u00df.\" \/>\n<meta name=\"robots\" content=\"index, follow, max-snippet:-1, max-image-preview:large, max-video-preview:-1\" \/>\n<link rel=\"canonical\" href=\"https:\/\/www.janisch-insektenschutz.de\/index.php\/transpatec\/\" \/>\n<meta property=\"og:locale\" content=\"de_DE\" \/>\n<meta property=\"og:type\" content=\"article\" \/>\n<meta property=\"og:title\" content=\"Janisch Insektenschutz Transpatec\u00ae\" \/>\n<meta property=\"og:description\" content=\"F\u00fcr alle umweltfreundlichen Insektenschutzfragen sowie Gegebenheiten biete ich Ihnen den perfekten Insektenschutz nach Ma\u00df.\" \/>\n<meta property=\"og:url\" content=\"https:\/\/www.janisch-insektenschutz.de\/index.php\/transpatec\/\" \/>\n<meta property=\"og:site_name\" content=\"Janisch Insektenschutz J\u00fcchen\" \/>\n<meta property=\"article:modified_time\" content=\"2024-03-25T06:31:43+00:00\" \/>\n<meta property=\"og:image\" content=\"https:\/\/www.janisch-insektenschutz.de\/wp-content\/uploads\/2024\/03\/1.jpg\" \/>\n\t<meta property=\"og:image:width\" content=\"1920\" \/>\n\t<meta property=\"og:image:height\" content=\"950\" \/>\n\t<meta property=\"og:image:type\" content=\"image\/jpeg\" \/>\n<meta name=\"twitter:card\" content=\"summary_large_image\" \/>\n<meta name=\"twitter:label1\" content=\"Gesch\u00e4tzte Lesezeit\" \/>\n\t<meta name=\"twitter:data1\" content=\"1\u00a0Minute\" \/>\n<script type=\"application\/ld+json\" class=\"yoast-schema-graph\">{\"@context\":\"https:\\\/\\\/schema.org\",\"@graph\":[{\"@type\":\"WebPage\",\"@id\":\"https:\\\/\\\/www.janisch-insektenschutz.de\\\/index.php\\\/transpatec\\\/\",\"url\":\"https:\\\/\\\/www.janisch-insektenschutz.de\\\/index.php\\\/transpatec\\\/\",\"name\":\"Janisch Insektenschutz Transpatec\u00ae\",\"isPartOf\":{\"@id\":\"\\\/#website\"},\"primaryImageOfPage\":{\"@id\":\"https:\\\/\\\/www.janisch-insektenschutz.de\\\/index.php\\\/transpatec\\\/#primaryimage\"},\"image\":{\"@id\":\"https:\\\/\\\/www.janisch-insektenschutz.de\\\/index.php\\\/transpatec\\\/#primaryimage\"},\"thumbnailUrl\":\"https:\\\/\\\/www.janisch-insektenschutz.de\\\/wp-content\\\/uploads\\\/2024\\\/03\\\/1.jpg\",\"datePublished\":\"2024-03-12T08:35:30+00:00\",\"dateModified\":\"2024-03-25T06:31:43+00:00\",\"description\":\"F\u00fcr alle umweltfreundlichen Insektenschutzfragen sowie Gegebenheiten biete ich Ihnen den perfekten Insektenschutz nach Ma\u00df.\",\"breadcrumb\":{\"@id\":\"https:\\\/\\\/www.janisch-insektenschutz.de\\\/index.php\\\/transpatec\\\/#breadcrumb\"},\"inLanguage\":\"de\",\"potentialAction\":[{\"@type\":\"ReadAction\",\"target\":[\"https:\\\/\\\/www.janisch-insektenschutz.de\\\/index.php\\\/transpatec\\\/\"]}]},{\"@type\":\"ImageObject\",\"inLanguage\":\"de\",\"@id\":\"https:\\\/\\\/www.janisch-insektenschutz.de\\\/index.php\\\/transpatec\\\/#primaryimage\",\"url\":\"https:\\\/\\\/www.janisch-insektenschutz.de\\\/wp-content\\\/uploads\\\/2024\\\/03\\\/1.jpg\",\"contentUrl\":\"https:\\\/\\\/www.janisch-insektenschutz.de\\\/wp-content\\\/uploads\\\/2024\\\/03\\\/1.jpg\",\"width\":1920,\"height\":950},{\"@type\":\"BreadcrumbList\",\"@id\":\"https:\\\/\\\/www.janisch-insektenschutz.de\\\/index.php\\\/transpatec\\\/#breadcrumb\",\"itemListElement\":[{\"@type\":\"ListItem\",\"position\":1,\"name\":\"Startseite\",\"item\":\"https:\\\/\\\/www.janisch-insektenschutz.de\\\/\"},{\"@type\":\"ListItem\",\"position\":2,\"name\":\"Transpatec\u00ae\"}]},{\"@type\":\"WebSite\",\"@id\":\"\\\/#website\",\"url\":\"\\\/\",\"name\":\"Janisch Insektenschutz J\u00fcchen\",\"description\":\"Insektenschutz nach Ma\u00df\",\"publisher\":{\"@id\":\"\\\/#organization\"},\"potentialAction\":[{\"@type\":\"SearchAction\",\"target\":{\"@type\":\"EntryPoint\",\"urlTemplate\":\"\\\/?s={search_term_string}\"},\"query-input\":{\"@type\":\"PropertyValueSpecification\",\"valueRequired\":true,\"valueName\":\"search_term_string\"}}],\"inLanguage\":\"de\"},{\"@type\":\"Organization\",\"@id\":\"\\\/#organization\",\"name\":\"Janisch Insektenschutz J\u00fcchen\",\"url\":\"\\\/\",\"logo\":{\"@type\":\"ImageObject\",\"inLanguage\":\"de\",\"@id\":\"\\\/#\\\/schema\\\/logo\\\/image\\\/\",\"url\":\"https:\\\/\\\/www.janisch-insektenschutz.de\\\/wp-content\\\/uploads\\\/2024\\\/03\\\/Janisch_Logo.png\",\"contentUrl\":\"https:\\\/\\\/www.janisch-insektenschutz.de\\\/wp-content\\\/uploads\\\/2024\\\/03\\\/Janisch_Logo.png\",\"width\":650,\"height\":150,\"caption\":\"Janisch Insektenschutz J\u00fcchen\"},\"image\":{\"@id\":\"\\\/#\\\/schema\\\/logo\\\/image\\\/\"}}]}<\/script>\n<!-- \/ Yoast SEO plugin. -->","yoast_head_json":{"title":"Janisch Insektenschutz Transpatec\u00ae","description":"F\u00fcr alle umweltfreundlichen Insektenschutzfragen sowie Gegebenheiten biete ich Ihnen den perfekten Insektenschutz nach Ma\u00df.","robots":{"index":"index","follow":"follow","max-snippet":"max-snippet:-1","max-image-preview":"max-image-preview:large","max-video-preview":"max-video-preview:-1"},"canonical":"https:\/\/www.janisch-insektenschutz.de\/index.php\/transpatec\/","og_locale":"de_DE","og_type":"article","og_title":"Janisch Insektenschutz Transpatec\u00ae","og_description":"F\u00fcr alle umweltfreundlichen Insektenschutzfragen sowie Gegebenheiten biete ich Ihnen den perfekten Insektenschutz nach Ma\u00df.","og_url":"https:\/\/www.janisch-insektenschutz.de\/index.php\/transpatec\/","og_site_name":"Janisch Insektenschutz J\u00fcchen","article_modified_time":"2024-03-25T06:31:43+00:00","og_image":[{"width":1920,"height":950,"url":"https:\/\/www.janisch-insektenschutz.de\/wp-content\/uploads\/2024\/03\/1.jpg","type":"image\/jpeg"}],"twitter_card":"summary_large_image","twitter_misc":{"Gesch\u00e4tzte Lesezeit":"1\u00a0Minute"},"schema":{"@context":"https:\/\/schema.org","@graph":[{"@type":"WebPage","@id":"https:\/\/www.janisch-insektenschutz.de\/index.php\/transpatec\/","url":"https:\/\/www.janisch-insektenschutz.de\/index.php\/transpatec\/","name":"Janisch Insektenschutz Transpatec\u00ae","isPartOf":{"@id":"\/#website"},"primaryImageOfPage":{"@id":"https:\/\/www.janisch-insektenschutz.de\/index.php\/transpatec\/#primaryimage"},"image":{"@id":"https:\/\/www.janisch-insektenschutz.de\/index.php\/transpatec\/#primaryimage"},"thumbnailUrl":"https:\/\/www.janisch-insektenschutz.de\/wp-content\/uploads\/2024\/03\/1.jpg","datePublished":"2024-03-12T08:35:30+00:00","dateModified":"2024-03-25T06:31:43+00:00","description":"F\u00fcr alle umweltfreundlichen Insektenschutzfragen sowie Gegebenheiten biete ich Ihnen den perfekten Insektenschutz nach Ma\u00df.","breadcrumb":{"@id":"https:\/\/www.janisch-insektenschutz.de\/index.php\/transpatec\/#breadcrumb"},"inLanguage":"de","potentialAction":[{"@type":"ReadAction","target":["https:\/\/www.janisch-insektenschutz.de\/index.php\/transpatec\/"]}]},{"@type":"ImageObject","inLanguage":"de","@id":"https:\/\/www.janisch-insektenschutz.de\/index.php\/transpatec\/#primaryimage","url":"https:\/\/www.janisch-insektenschutz.de\/wp-content\/uploads\/2024\/03\/1.jpg","contentUrl":"https:\/\/www.janisch-insektenschutz.de\/wp-content\/uploads\/2024\/03\/1.jpg","width":1920,"height":950},{"@type":"BreadcrumbList","@id":"https:\/\/www.janisch-insektenschutz.de\/index.php\/transpatec\/#breadcrumb","itemListElement":[{"@type":"ListItem","position":1,"name":"Startseite","item":"https:\/\/www.janisch-insektenschutz.de\/"},{"@type":"ListItem","position":2,"name":"Transpatec\u00ae"}]},{"@type":"WebSite","@id":"\/#website","url":"\/","name":"Janisch Insektenschutz J\u00fcchen","description":"Insektenschutz nach Ma\u00df","publisher":{"@id":"\/#organization"},"potentialAction":[{"@type":"SearchAction","target":{"@type":"EntryPoint","urlTemplate":"\/?s={search_term_string}"},"query-input":{"@type":"PropertyValueSpecification","valueRequired":true,"valueName":"search_term_string"}}],"inLanguage":"de"},{"@type":"Organization","@id":"\/#organization","name":"Janisch Insektenschutz J\u00fcchen","url":"\/","logo":{"@type":"ImageObject","inLanguage":"de","@id":"\/#\/schema\/logo\/image\/","url":"https:\/\/www.janisch-insektenschutz.de\/wp-content\/uploads\/2024\/03\/Janisch_Logo.png","contentUrl":"https:\/\/www.janisch-insektenschutz.de\/wp-content\/uploads\/2024\/03\/Janisch_Logo.png","width":650,"height":150,"caption":"Janisch Insektenschutz J\u00fcchen"},"image":{"@id":"\/#\/schema\/logo\/image\/"}}]}},"_links":{"self":[{"href":"https:\/\/www.janisch-insektenschutz.de\/index.php\/wp-json\/wp\/v2\/pages\/15","targetHints":{"allow":["GET"]}}],"collection":[{"href":"https:\/\/www.janisch-insektenschutz.de\/index.php\/wp-json\/wp\/v2\/pages"}],"about":[{"href":"https:\/\/www.janisch-insektenschutz.de\/index.php\/wp-json\/wp\/v2\/types\/page"}],"author":[{"embeddable":true,"href":"https:\/\/www.janisch-insektenschutz.de\/index.php\/wp-json\/wp\/v2\/users\/1"}],"replies":[{"embeddable":true,"href":"https:\/\/www.janisch-insektenschutz.de\/index.php\/wp-json\/wp\/v2\/comments?post=15"}],"version-history":[{"count":19,"href":"https:\/\/www.janisch-insektenschutz.de\/index.php\/wp-json\/wp\/v2\/pages\/15\/revisions"}],"predecessor-version":[{"id":1530,"href":"https:\/\/www.janisch-insektenschutz.de\/index.php\/wp-json\/wp\/v2\/pages\/15\/revisions\/1530"}],"wp:featuredmedia":[{"embeddable":true,"href":"https:\/\/www.janisch-insektenschutz.de\/index.php\/wp-json\/wp\/v2\/media\/995"}],"wp:attachment":[{"href":"https:\/\/www.janisch-insektenschutz.de\/index.php\/wp-json\/wp\/v2\/media?parent=15"}],"curies":[{"name":"wp","href":"https:\/\/api.w.org\/{rel}","templated":true}]}}